 factor of 26572324 and 9808.
2452
Calculate the greatest common factor of 694823 and 407.
37
What is the highest common divisor of 5383785 and 330?
165
What is the greatest common factor of 30 and 5863736760?
30
Calculate the greatest common divisor of 93961775 and 2883.
961
Calculate the greatest common divisor of 51 and 234252.
3
Calculate the highest common divisor of 4755449 and 4234.
29
What is the highest common divisor of 40305520 and 1856?
16
Calculate the highest common factor of 28764 and 45214.
94
What is the highest common factor of 190 and 1442216185?
95
Calculate the greatest common divisor of 1130525 and 483450.
275
What is the highest common factor of 1727 and 49049?
11
What is the greatest common divisor of 16515 and 23431115?
1835
What is the greatest common factor of 757505 and 989?
23
What is the highest common divisor of 1353678 and 48?
6
Calculate the greatest common divisor of 373822769 and 31.
31
Calculate the highest common divisor of 141479 and 18499.
13
What is the greatest common factor of 111979361 and 13?
13
What is the highest common divisor of 2472 and 3575336?
824
Calculate the greatest common factor of 108945183 and 912.
57
Calculate the highest common divisor of 48804613 and 52.
13
Calculate the highest common divisor of 1609608663 and 26.
13
What is the highest common divisor of 25384 and 4770856?
1336
Calculate the greatest common divisor of 19168 and 1936.
16
What is the highest common factor of 811165 and 271095?
265
Calculate the greatest common divisor of 43232 and 21254704.
3088
Calculate the greatest common factor of 138 and 36902948.
46
Calculate the greatest common divisor of 20129 and 241.
1
Calculate the greatest common factor of 57761 and 645161.
979
What is the greatest common divisor of 12373328 and 1364?
44
Calculate the highest common factor of 10238184 and 5022.
1674
Calculate the highest common divisor of 1203600 and 17520.
240
Calculate the highest common factor of 1052330 and 1420.
10
What is the highest common divisor of 2976778 and 27762?
14
Calculate the greatest common divisor of 1611772 and 52.
4
Calculate the greatest common factor of 39300 and 28354800.
300
What is the highest common factor of 332512 and 224?
32
Calculate the greatest common divisor of 35190 and 1291320.
1530
What is the greatest common divisor of 2550 and 127570550?
850
Calculate the highest common divisor of 25250 and 304156450.
5050
What is the greatest common factor of 1638212 and 111?
37
What is the greatest common factor of 1770327 and 234?
117
Calculate the greatest common divisor of 1683315 and 12105.
45
What is the highest common divisor of 149 and 384523257?
149
What is the highest common divisor of 1080 and 121035?
15
What is the highest common divisor of 18533514 and 894?
894
What is the highest common divisor of 114632636 and 57056?
7132
Calculate the highest common divisor of 415 and 5684089.
83
Calculate the highest common divisor of 150323600 and 111000.
7400
What is the highest common factor of 240138 and 414?
18
Calculate the greatest common divisor of 14 and 337197.
7
What is the greatest common factor of 1584 and 339624?
72
What is the highest common factor of 3571614 and 10827?
27
Calculate the highest common factor of 38285861 and 233.
233
What is the highest common divisor of 90232 and 8608?
8
What is the highest common divisor of 105 and 119528395?
35
Calculate the highest common factor of 1449115 and 7935.
115
What is the highest common factor of 338091670 and 2863?
2863
Calculate the greatest common divisor of 28222813 and 29653.
2281
Calculate the highest common factor of 90 and 88272720.
90
Calculate the greatest common divisor of 447627 and 867.
51
What is the greatest common factor of 90 and 1306854?
18
What is the greatest common factor of 5508 and 156841677?
1377
What is the greatest common divisor of 1746 and 576432?
18
Calculate the highest common factor of 3704864952 and 24.
24
Calculate the highest common factor of 6358 and 793067.
187
What is the greatest common divisor of 184200159 and 1529?
1529
What is the highest common divisor of 34401672 and 200?
8
Calculate the greatest common divisor of 4707642 and 479886.
3966
What is the greatest common divisor of 22 and 124548226?
22
Calculate the greatest common divisor of 21555 and 8940535.
2395
Calculate the greatest common factor of 63 and 670572477.
9
What is the highest common factor of 25539120 and 790?
790
What is the highest common factor of 161 and 25983097?
7
Calculate the greatest common factor of 42341196 and 228.
228
Calculate the greatest common factor of 16 and 3789745456.
16
What is the greatest common factor of 31634200 and 10712?
104
What is the highest common divisor of 2517471 and 13629?
1947
What is the greatest common divisor of 12774344 and 1496?
1496
Calculate the highest common divisor of 407680 and 166016.
128
What is the greatest common divisor of 2476808 and 1896?
632
What is the highest common divisor of 4484 and 9272?
76
What is the greatest common divisor of 20290537 and 3553?
323
What is the highest common divisor of 382144728 and 392?
392
What is the highest common divisor of 296432 and 1100368?
1552
Calculate the highest common factor of 133 and 83337344.
19
Calculate the highest common divisor of 40143720 and 240.
120
What is the greatest common factor of 284480369 and 57?
19
What is the greatest common factor of 9345 and 3974385?
15
Calculate the highest common divisor of 52744554 and 144.
18
What is the greatest common factor of 12409227 and 485802?
1773
Calculate the highest common factor of 555 and 46420755.
555
What is the highest common divisor of 646845 and 60900?
435
What is the greatest common factor of 18915288 and 294?
42
What is the greatest common divisor of 240 and 317882160?
240
Calculate the greatest common factor of 40369084 and 952.
476
Calculate the highest common factor of 68492976 and 2670.
534
Calculate the highest common factor of 119390317 and 43.
43
Calculate the greatest common factor of 20 and 15400465.
5
Calculate the highest common divisor of 2760 and 476008.
184
What is the highest common divisor of 281655 and 266805?
495
What is the highest common factor of 4180 and 7696235?
95
What is the greatest common factor of 39679955 and 2722?
1361
Calculate the highest common divisor of 63616174 and 410.
82
What is the highest common divisor of 3046107 and 135?
3
Calculate the greatest common divisor of 382 and 194822101.
191
What is the greatest common factor of 182041704 and 774?
774
Calculate the highest common divisor of 1483811 and 25900.
259
Calculate the greatest common divisor of 29185696 and 64.
32
Calculate the highest common factor of 2820 and 36365780.
940
What is the highest common divisor of 20 and 8263180?
20
Calculate the greatest common factor of 5565 and 1418235.
105
Calculate the highest common divisor of 3136841032 and 4184.
4184
Calculate the highest common factor of 33 and 18855177.
33
What is the greatest common factor of 1701985 and 20?
5
Calculate the highest common divisor of 1540 and 1911910.
770
Calculate the highest common divisor of 114 and 144746142.
114
What is the highest common factor of 149 and 526802016?
149
What is the greatest common factor of 32784 and 6978?
6
What is the greatest common factor of 1328721 and 5973?
543
What is the highest common factor of 3353 and 56371?
7
What is the greatest common factor of 4029 and 1647284853?
4029
What is the greatest common divisor of 148781367 and 42?
21
What is the highest common factor of 196191443 and 14811?
4937
Calculate the greatest common divisor of 1222 and 112.
2
What is the highest common divisor of 1556217 and 423?
423
Calculate the highest common factor of 572 and 482217879.
143
Calculate the highest common divisor of 1404 and 236478177.
351
Calculate the highest common factor of 51888 and 24748.
92
What is the highest common factor of 461 and 447625007?
461
Calculate the greatest common divisor of 266278068 and 252.
252
Calculate the greatest common factor of 13340226 and 12.
6
What is the highest common factor of 433850 and 13850?
50
Calculate the greatest common factor of 740 and 3297884.
148
Calculate the highest common divisor of 46483 and 708124.
989
Calculate the highest com